c) = 29. Let u(x) = 17*m(x) - 9*n(x). Calculate u(-1).
-20
Suppose 12 = -12*k + 60. Let v(j) = -j + 9*j + 5 - k. Let g(f) = -f**3 - 2*f**2 + f. Let r be g(-2). Determine v(r).
-15
Suppose 0 = -4*k + 13*k - 36. Suppose -5*s - 3*x - 45 = -8*x, -2*s + k*x = 28. Let y(z) = -z - 4. Calculate y(s).
0
Let t(f) = -4*f**3 + 3*f**2 - 2*f + 1. Let s be 36/21 - (-6 + 200/35). What is t(s)?
-23
Let l(a) = a**3 - 9*a**2 + 5. Let g be l(9). Let s be g + -5 + (-14)/(-2). Let i(t) = -t**2 + 5*t + 10. Let b be i(s). Let w(k) = 3*k - 4. What is w(b)?
-16
Let s(v) = 2*v - 27. Let d be (-2 + 22 - 18)/((-4)/(-18)). What is s(d)?
-9
Let s be 48/(-42)*(-5 + -2). Let k(u) = 18*u - 8*u + u**3 + 123*u**2 - 132*u**2 - 8. What is k(s)?
8
Let s(g) be the second derivative of -5/3*g**3 + 1/12*g**4 + 0 - 3*g**2 + 76*g. What is s(9)?
-15
Let a(d) = -3*d + 3. Let w = 114 - 141. Let b be (4/3)/(-2) + 90/w. Give a(b).
15
Let s = 532 + -537. Let g(m) = m**2 - 20*m + 6. Let a(r) = r**2 - 22*r + 7. Let x(o) = s*a(o) + 6*g(o). Calculate x(9).
-8
Let k(i) = 198*i + 6935. Let o be k(-35). Let p(s) = -26*s + 1. Calculate p(o).
-129
Suppose -12*b - 32*b = -132. Let v(t) be the second derivative of -5*t**3/6 + 2*t**2 + 5*t. What is v(b)?
-11
Let g(i) = -7*i - 59. Suppose 21*m - 56 = 42*m - 14*m. Determine g(m).
-3
Let t(j) = j**3 - 20*j**2 - 9. Suppose -5*r = -144*r + 2780. Calculate t(r).
-9
Let x(q) = -q**3 + 11*q**2 - 10*q + 2. Let i(g) = -g - 7. Let m be i(8). Let c be 32/(-8) - (m - -1). Determine x(c).
2
Let t(a) be the third derivative of -2 - 1/24*a**4 + 0*a + 1/20*a**5 + 6*a**2 - 1/6*a**3 - 1/120*a**6. Give t(4).
-21
Let x(i) = -2*i**3 - 83*i**2 + 5*i - 88. Let b(p) = -3*p**3 - 133*p**2 + 8*p - 132. Let n(g) = -5*b(g) + 8*x(g). Determine n(0).
-44
Let x(o) = o**3 + 4. Suppose 4*p - 9*p + 75 = 0. Suppose -2*i = 2*q - 6, q - 3*i - p = 2*i. Suppose q*k = k. Calculate x(k).
4
Let i(o) = -o - 3. Suppose 473*l = 477*l - 12. Let t(g) be the third derivative of g**4/12 + g**3/3 + g**2. Let y(s) = l*i(s) + 2*t(s). Calculate y(4).
-1
Let c(a) be the first derivative of -1/2*a**2 + 6*a - 54. What is c(3)?
3
Let s(u) be the third derivative of -u**5/120 - 3*u**4/8 - 26*u**3/3 + u**2 - 8*u. Let b(p) be the first derivative of s(p). Determine b(-9).
0
Suppose -r = -3*f - f - 11, -7 = r + 5*f. Suppose 0 = -s + 2*s - r. Suppose -3*x + s*c + 17 = x, -x + c = -5. Let w(q) = -4*q + 2. Calculate w(x).
-6
Let u(i) = -i**3 - 8*i**2 + 22*i + 15. Let o(z) = z**2 - 8*z + 5. Let l be (1 - -7)*(6 - (-90)/(-16)). Let x be o(l). Determine u(x).
-5
Let p(m) = -m**3 + 112*m**2 + 9 - 40*m**2 - 28*m**2 - 48*m**2 + 3*m. What is p(-6)?
63
Let r = 4 - -3. Let n(c) be the second derivative of c**3/6 - 5*c**2 - 27566*c. What is n(r)?
-3
Let i be (42 - -287)/(-2 - -1). Let a = i + 325. Let f(v) = -v**3 - 4*v**2 + v + 4. Give f(a).
0
Let a(x) = -3*x**3 - 104*x**2 + 35*x + 4. Let m be a(-35). Let g(n) = -2*n**2 - 4*n + 28. What is g(m)?
-20
Let f = 383 + -383. Let y(n) = -9 + f*n**3 + 7*n**3 + 14 + 4*n**2 - 4*n - 6*n**3. Calculate y(-5).
0
Let t = -8 + 5. Let w = 5 + t. Let b(z) = 13*z**2 - z + 25*z**2 - 37*z**2 + 0*z - 1. Give b(w).
1
Let g be (-1)/(-2) - ((-210)/12)/(-5). Let p(q) be the third derivative of q**5/60 - q**4/24 - 49*q**2. Give p(g).
12
Let o(q) = 146879*q - 13*q**2 + q**3 + 7*q**2 - 146888*q. Suppose 0 = -a + 7. Give o(a).
-14
Let j(q) be the second derivative of -q**5/20 + q**4/6 - 6*q**2 - 3*q + 857. Give j(5).
-87
Let b(q) be the second derivative of -4*q**3/3 - 6*q**2 - 4855*q. Give b(2).
-28
Let p = -19070 + 19124. Let t(f) = -6*f + 337. Determine t(p).
13
Let d be (40/(-16))/(18/(-8) - -2). Suppose 0 = -4*o - o - d, -5*o + 20 = 5*s. Let w(b) = -3*b + 790*b**2 - s - 791*b**2 + 2*b + 1. What is w(0)?
-5
Let l be ((-9)/(-3))/((-3)/(-32)). Suppose 5*q = 5, 3*q = -3*h + 8*h - l. Let g be (h/14)/(2/(-4)). Let z(a) = 11*a**2 - a. Give z(g).
12
Let p(l) = -2047*l**2 + 1 - 1 + 4 + 2045*l**2 + 3*l. Let i(k) = -k**2 - 16*k + 20. Let q = 33 + -50. Let y be i(q). What is p(y)?
-5
Suppose 7 = -28*m + 48*m - 19*m. Let x(r) = r**3 - 7*r**2 + r - 12. Give x(m).
-5
Let x(f) be the third derivative of f**6/60 + f**5/10 - 7*f**4/24 - 4*f**3/3 - f**2 + 8. Let y(k) = k**3 - k**2 - k. Let l(r) = x(r) - 3*y(r). What is l(8)?
24
Let n(j) = 2*j**2 + 1. Let d(b) = 23 + 2 - 9*b + 8*b + 8 - b**2. Let h be d(5). Give n(h).
19
Let k = -414 - -419. Let z(g) = -7*g - 10. Let p(c) = -6*c - 9. Let a(j) = k*z(j) - 6*p(j). Determine a(8).
12
Let a = -8 - -3. Let u(m) = -30742*m - 5*m**2 + 0*m**2 + 30737*m - 4 - m**3. Determine u(a).
21
Let h(m) = 32*m**3 - 226*m**2 + 89*m + 52. Let t(c) = -7*c**3 + 51*c**2 - 22*c - 13. Let o(y) = -2*h(y) - 9*t(y). Calculate o(-9).
-5
Let g be (0 - 2)*3 + 4 - -5. Suppose -3*j + u - 12 = -6*j, 0 = -g*j + u + 6. Let l(x) = -5 + 5*x**2 - j*x**2 - 6*x - x**2. Calculate l(6).
-5
Let t be (-87395)/(-245) - 2/(-7). Let g = 365 - t. Let s(d) be the second derivative of -d**4/12 + 5*d**3/3 - 11*d**2/2 - d. Calculate s(g).
5
Let b(t) = t**3 + 4*t**2 + t + 9. Let n = 7992 + -7996. What is b(n)?
5
Suppose 5*f = -0*g - g + 1, -4*g = -3*f + 19. Let d(j) = 2*j**2 + 5*j - 12. Let b be d(g). Let z(a) = a**2 - a - 9. What is z(b)?
-9
Let s(f) = f**2 - 14*f + 39. Let n be s(11). Let a = -2 - -4. Let q(g) = g**3 + 4 - 2*g**3 + 3*g**a + 6*g + 4*g**2 - 2*g**2. Calculate q(n).
4
Let m = -2993 - -3011. Let n(o) be the first derivative of -o + 9/4*o**4 + 1/3*o**3 + m + 0*o**2. What is n(1)?
9
Let p(x) = -2*x**2 + 6*x + 3. Let g = -337 + 337. Determine p(g).
3
Suppose 4*v + v - 25 = 0. Suppose v*p = -5*p - 20. Let m(g) = 11*g + 2. Let d(x) = 2*x + 1. Let l(i) = -6*d(i) + m(i). Calculate l(p).
-2
Suppose 87*f - 96*f = -27. Let m be 1/(f - (2 + 0)). Let s(d) = 36*d**3 + 2*d - 1. Calculate s(m).
37
Let z = 985 - 979. Let g(n) = 4*n - 36. Give g(z).
-12
Let g(k) = -k**3 - 31*k**2 - 20*k + 295. Let a be g(-30). Let l(r) = r**3 + 10*r**2 + 25*r - 3. Give l(a).
-3
Let y(j) = j**3 - 5*j**2 - 2. Suppose 5*b - 11 = u - 2, -4*u + 2*b - 18 = 0. Let i(n) = n**3 - 6*n**2 - 1. Let w(d) = u*i(d) + 3*y(d). What is w(9)?
-2
Let o(w) = 73*w + 361. Suppose 73*i - 74*i = -4*c - 3, -4*i = 3*c + 26. Give o(i).
-4
Suppose -5*r = -5*z + 26*z + 106, -40 = 4*z - 4*r. Let s(v) = -v**2 - 2*v. Give s(z).
-24
Let z(f) be the third derivative of f**5/60 - f**4/2 - 7*f**3/6 - 15*f**2 - 133*f. Suppose -9*n = -5*n - 48. Give z(n).
-7
Let l be ((-2058)/(-18))/(-7) + 40/30. Let m(y) = -y - 16. What is m(l)?
-1
Let j(b) = b**2 + 13*b - 10. Let m(k) = -4*k**2 - 53*k + 39. Let v(z) = 9*j(z) + 2*m(z). Let d(w) = 3*w**3 - 52*w**2 + 215*w + 3. Let x be d(7). Determine v(x).
-12
Let h(y) be the first derivative of y**3/3 + 4*y**2 - 12*y + 203. What is h(-10)?
8
Let s be ((-4)/(-8))/(4*2/16). Let q(j) = -3 + 4 + 7*j + j**2 + 0 + s. Let i = -11 + 8. Give q(i).
-10
Let w(b) = -b - 9. Let t(j) = -j - 19. Let m(c) = -3*t(c) + 7*w(c). Let d be ((-440)/33 + 13)/((-7)/(-105)). What is m(d)?
14
Let w(j) = 3*j**2 + 193*j - 150 - 5*j**2 + 181*j - 338*j. Determine w(6).
-6
Suppose -45*k = -93 + 1443. Let j(w) = w + 31. What is j(k)?
1
Let s(x) = -293648*x + 16*x**2 - 15*x**2 + 293653*x + 1. Determine s(-11).
67
Let n(v) be the third derivative of -7/60*v**5 + 2/3*v**3 - 1/120*v**6 - 1/4*v**4 - 14*v**2 - 3 + 0*v. Calculate n(-5).
-16
Let r(o) = -10*o**2 + 74*o + 18. Let u(c) = -4*c**2 + 26*c + 8. Let v(i) = 3*r(i) - 8*u(i). Give v(4).
78
Let z(x) = x**2 + x - 4. Suppose -3*o - 60 = -2*c - 4*o, 5*c - 4*o = 176. Suppose -c*i = -37*i - 20. Give z(i).
8
Let c(k) = -76*k**2 + 31*k**2 - 4*k - 13 + k**3 + 50*k**2. Determine c(-6).
-25
Let w be 3/(-9) + 32/6. Suppose 3*a - 5 = -2*u, w*a = -u + 6*u. Let g(z) be the second derivative of 2*z**5/5 - z**4/12 + z**3/6 + 14*z - 3. What is g(a)?
8
Let w(n) = -n**3 + 12*n**2 + 156*n - 1860. Let d be w(13). Let v(m) = -6*m**3 + 4*m**2 + 3*m. Give v(d).
7
Let j(m) = 156*m**2 + 3 + 11 + 8*m + 2*m**3 + 155*m**2 - 5*m - 293*m**2. Calculate j(-9).
-13
Suppose 2*l + l + f = 2*l - 0*f, 2*f = 0. Let t(o) = -o + 36. What is t(l)?
36
Let o(g) = g + 1. Let w(b) = 2*b**2 + 24*b - 26. Let k(r) = 2*o(r) + w(r). Let d(l) = -l**2 - 12*l + 12. Let f(t) = -7*d(t) - 3*k(t). Give f(-8).
4
Let m = 7699 + -2954. Let j(s) = -2*s - m*s**2 + 1 + 3*s + 4742*s**2. Give j(